{"id":99,"date":"2025-01-25T16:45:12","date_gmt":"2025-01-25T13:45:12","guid":{"rendered":"https:\/\/turkishtimedergi.com\/arge250\/form\/2025\/?page_id=99"},"modified":"2025-01-25T19:13:49","modified_gmt":"2025-01-25T16:13:49","slug":"iletisim","status":"publish","type":"page","link":"https:\/\/turkishtimedergi.com\/arge250\/form\/2025\/iletisim\/","title":{"rendered":"\u0130leti\u015fim"},"content":{"rendered":"\n<p><strong>Tel:<\/strong> 0212 280 22 42<br><strong>e-Posta:<\/strong> ekip@turkiyearge250.org<\/p>\n\n\n\n<p><strong>Adres:<\/strong> D\u0131\u015f Etki \u0130leti\u015fim Ajans\u0131 ve D\u0131\u015f Ticaret A.\u015e, Sultan Selim Mah. B\u00fcy\u00fckdere Cad. H\u00fcmeyra Sokak Nef 09 B Blok Kat 3 Daire 77 Ka\u011f\u0131thane \u0130st.<\/p>\n","protected":false},"excerpt":{"rendered":"<p>Tel: 0212 280 22 42e-Posta: ekip@turkiyearge250.org Adres: D\u0131\u015f Etki \u0130leti\u015fim Ajans\u0131 ve D\u0131\u015f Ticaret A.\u015e, Sultan Selim Mah. B\u00fcy\u00fckdere Cad. H\u00fcmeyra Sokak Nef 09 B Blok Kat 3 Daire 77 Ka\u011f\u0131thane \u0130st.<\/p>\n","protected":false},"author":1,"featured_media":0,"parent":0,"menu_order":0,"comment_status":"closed","ping_status":"closed","template":"","meta":{"_acf_changed":false,"footnotes":""},"class_list":["post-99","page","type-page","status-publish","hentry"],"acf":[],"_links":{"self":[{"href":"https:\/\/turkishtimedergi.com\/arge250\/form\/2025\/wp-json\/wp\/v2\/pages\/99","targetHints":{"allow":["GET"]}}],"collection":[{"href":"https:\/\/turkishtimedergi.com\/arge250\/form\/2025\/wp-json\/wp\/v2\/pages"}],"about":[{"href":"https:\/\/turkishtimedergi.com\/arge250\/form\/2025\/wp-json\/wp\/v2\/types\/page"}],"author":[{"embeddable":true,"href":"https:\/\/turkishtimedergi.com\/arge250\/form\/2025\/wp-json\/wp\/v2\/users\/1"}],"replies":[{"embeddable":true,"href":"https:\/\/turkishtimedergi.com\/arge250\/form\/2025\/wp-json\/wp\/v2\/comments?post=99"}],"version-history":[{"count":2,"href":"https:\/\/turkishtimedergi.com\/arge250\/form\/2025\/wp-json\/wp\/v2\/pages\/99\/revisions"}],"predecessor-version":[{"id":111,"href":"https:\/\/turkishtimedergi.com\/arge250\/form\/2025\/wp-json\/wp\/v2\/pages\/99\/revisions\/111"}],"wp:attachment":[{"href":"https:\/\/turkishtimedergi.com\/arge250\/form\/2025\/wp-json\/wp\/v2\/media?parent=99"}],"curies":[{"name":"wp","href":"https:\/\/api.w.org\/{rel}","templated":true}]}}