{"id":214,"date":"2024-02-12T05:01:29","date_gmt":"2024-02-12T02:01:29","guid":{"rendered":"https:\/\/turkishtimedergi.com\/digit250\/form\/?page_id=214"},"modified":"2024-02-12T05:01:29","modified_gmt":"2024-02-12T02:01:29","slug":"iletisim","status":"publish","type":"page","link":"https:\/\/turkishtimedergi.com\/digit250\/form\/iletisim\/","title":{"rendered":"\u0130leti\u015fim"},"content":{"rendered":"\n<p><strong>Tel:<\/strong> 0212 280 22 42<br><strong>E-Posta:<\/strong> sultankugu@dijitaldonusum250.org, duyguerdinc@dijitaldonusum250.org<\/p>\n\n\n\n<p><strong>Adres:<\/strong> D\u0131\u015f Etki \u0130leti\u015fim Ajans\u0131 ve D\u0131\u015f Ticaret A.\u015e, Sultan Selim Mah. B\u00fcy\u00fckdere Cad. H\u00fcmeyra Sokak Nef 09 B Blok Kat 3 Daire 77 Ka\u011f\u0131thane \u0130st.<\/p>\n","protected":false},"excerpt":{"rendered":"<p>Tel: 0212 280 22 42E-Posta: sultankugu@dijitaldonusum250.org, duyguerdinc@dijitaldonusum250.org Adres: D\u0131\u015f Etki \u0130leti\u015fim Ajans\u0131 ve D\u0131\u015f Ticaret A.\u015e, Sultan Selim Mah. B\u00fcy\u00fckdere Cad. H\u00fcmeyra Sokak Nef 09 B Blok Kat 3 Daire 77 Ka\u011f\u0131thane \u0130st.<\/p>\n","protected":false},"author":1,"featured_media":0,"parent":0,"menu_order":0,"comment_status":"closed","ping_status":"closed","template":"","meta":{"_acf_changed":false,"footnotes":""},"class_list":["post-214","page","type-page","status-publish","hentry"],"acf":[],"_links":{"self":[{"href":"https:\/\/turkishtimedergi.com\/digit250\/form\/wp-json\/wp\/v2\/pages\/214","targetHints":{"allow":["GET"]}}],"collection":[{"href":"https:\/\/turkishtimedergi.com\/digit250\/form\/wp-json\/wp\/v2\/pages"}],"about":[{"href":"https:\/\/turkishtimedergi.com\/digit250\/form\/wp-json\/wp\/v2\/types\/page"}],"author":[{"embeddable":true,"href":"https:\/\/turkishtimedergi.com\/digit250\/form\/wp-json\/wp\/v2\/users\/1"}],"replies":[{"embeddable":true,"href":"https:\/\/turkishtimedergi.com\/digit250\/form\/wp-json\/wp\/v2\/comments?post=214"}],"version-history":[{"count":1,"href":"https:\/\/turkishtimedergi.com\/digit250\/form\/wp-json\/wp\/v2\/pages\/214\/revisions"}],"predecessor-version":[{"id":215,"href":"https:\/\/turkishtimedergi.com\/digit250\/form\/wp-json\/wp\/v2\/pages\/214\/revisions\/215"}],"wp:attachment":[{"href":"https:\/\/turkishtimedergi.com\/digit250\/form\/wp-json\/wp\/v2\/media?parent=214"}],"curies":[{"name":"wp","href":"https:\/\/api.w.org\/{rel}","templated":true}]}}